mon divisor of g and o.
8
Let x be ((-4)/3)/(3*2/(-36)). Suppose x*a = 95 + 113. What is the highest common divisor of 442 and a?
26
Let l(v) = -175*v - 4604. Let n be l(-27). What is the greatest common factor of 11 and n?
11
Suppose 5*v + 4*a = -454, -5*v + 5*a - 3*a - 478 = 0. Suppose -2*s = 195 - 37. Let t = s - v. What is the greatest common factor of 15 and t?
15
Let v = 504 - 725. Let y = -145 - v. Suppose -5*w = -3*w - y. Calculate the highest common factor of 266 and w.
38
Suppose 5*d + 55 = 5*w, 3*d - 5*d - 35 = -3*w. Let r(l) = 40 + 2*l**2 + 4*l - 2*l + w - 78. Let s be r(-8). What is the greatest common factor of 29 and s?
29
Let c be 1*(-10)/(-3 + 1). Suppose -c*r = 2*y - 14, -10 = -2*r - 0*r - 3*y. Let o be (10/15)/r - 52/(-6). What is the highest common factor of 99 and o?
9
Suppose 150 = 3*r + 5*d, -4*r + 38 = -4*d - 130. Let k = 139 - r. Suppose -5*i + 4*q = -k, q + 0*q - 53 = -3*i. Calculate the highest common divisor of 2 and i.
2
Let s(m) = -m**2 - 26*m - 59. Let b be s(-18). Let n be (-154)/(-10) + 12/(-30). Let v be 1 + n - (0 - 1). Calculate the highest common divisor of b and v.
17
Suppose -5*z = 2*s - 2043, -4*z = -3*s + 2879 + 220. What is the greatest common factor of 63 and s?
21
Suppose -5*x - 5*b + 105 = 0, 0*x - 2*b = 3*x - 59. Suppose 0 = -21404*y + 21453*y - 3332. What is the highest common divisor of y and x?
17
Let h = 2078 + -1934. Calculate the greatest common divisor of 68 and h.
4
Let d = 23 + 21. Let v = d + -46. Let x be ((-4)/12 + v)*-9. Calculate the highest common divisor of x and 147.
21
Let c = 26626 - 26114. Calculate the highest common factor of 200 and c.
8
Let a(w) = -4*w + 12. Let m be a(-15). Suppose -3*s - 2*f = -324, 26 = s + 6*f - 82. Calculate the highest common divisor of s and m.
36
Let y(j) = -j**3 + 8*j**2 + 4*j - 20. Let g be y(8). Suppose -g + 58 = -2*n. Let b = n + 50. Calculate the highest common factor of b and 27.
27
Let w = -2526 - -2536. What is the highest common divisor of 7270 and w?
10
Let p = 60 - 45. Let r be -3*-3*1/3*p. Suppose 114*o = 115*o - r. What is the highest common factor of 75 and o?
15
Let n(g) = 33*g**2 - 22*g - 35. Let l be n(-7). Calculate the greatest common divisor of 124 and l.
124
Suppose -6*q - 26*q + 23680 = 0. Calculate the greatest common divisor of 407 and q.
37
Let y = 25805 + -25389. What is the highest common factor of y and 2834?
26
Let u be 6 + 2 - -3659 - -17. What is the greatest common divisor of u and 12?
12
Let d = -178 + 202. Let h be (-2)/(3 + -15) - (-860)/d. Let r(w) = 2*w**2 + 8*w. Let p be r(-6). Calculate the highest common factor of h and p.
12
Suppose 0 = 3*y - i - 13 - 13, -2*i + 28 = 2*y. Suppose 756 = 6*w + 5*w + 734. What is the greatest common factor of y and w?
2
Let s(a) = a**3 + 7*a**2 + 4*a + 22. Let x be s(-6). Let g = 17 + x. What is the highest common divisor of g and 408?
51
Suppose -4*t + j + 157 = 0, -5*t + 32 = -j - 163. Let v be (1*591)/3 + 74 + -81. What is the highest common factor of t and v?
38
Let c be 1/((-3)/(-6))*13/2. Suppose -437 = -c*l + 2748. What is the greatest common divisor of 98 and l?
49
Let b(n) = -2*n**2 - 11*n. Let o be b(-6). Let g(q) = -q**3 - 4*q**2 - 15*q - 37. Let i be g(o). Calculate the greatest common divisor of 5 and i.
5
Let n = -120 + 71. Let o = n + 114. Suppose 3*g - 4*t = 50, 5*g + 6770*t - 137 = 6769*t. Calculate the highest common divisor of g and o.
13
Let k be ((-596)/(-6))/((-12)/(-36)). Suppose -933 = -5*t - r - k, 5*r = -5*t + 655. Calculate the greatest common factor of t and 36.
18
Let f(a) = 2*a**2 - 211*a + 4405. Let c be f(78). What is the highest common factor of 3243 and c?
23
Suppose 100 = 4*t + 4*m, -m + 10 + 75 = 4*t. Let p = -614 + 369. Let x = p + 465. Calculate the highest common divisor of x and t.
20
Suppose 3*i - 419 = -158. Suppose 6*d - i - 45 = 0. Let v be (121/d)/(1/34). What is the greatest common divisor of v and 17?
17
Suppose -3*x + 5*x - 38 = -2*f, f = -5*x + 27. Let n(c) = 2*c**3 + 29*c**2 + 13*c - 13. Let t be n(-14). Calculate the highest common factor of f and t.
1
Suppose 0 = -15*x + 57 + 123. Suppose 0 = -5*w - 11 + 36. Suppose -3*a + 51 = 3*f, -a - 58 = -w*a - 2*f. Calculate the highest common divisor of x and a.
12
Let t(p) = -5*p + 20. Let d be t(2). Suppose -d*q = -19*q - 9. Let y be 22 + (-1 - q) + 2. What is the greatest common factor of 36 and y?
12
Let b be (45 + -1)/(2/3). Let p = -95 + 93. Let o be p/4 + (-39)/(-6). What is the highest common divisor of o and b?
6
Let q be (-380 + -6)*-18*(-14)/(-8). What is the highest common divisor of q and 27?
9
Let t(k) = -3*k + 202. Suppose -59*g + 55*g = 84. Let i be t(g). What is the greatest common divisor of i and 159?
53
Let x = 3984 + -3870. What is the highest common divisor of x and 1786?
38
Let o = -50 - 148. Let p(h) = -h**2 + 2*h + 5. Let v be p(3). Let n be v/11 + (-4320)/o. What is the highest common divisor of 154 and n?
22
Suppose -2*a + 84 = b + 9, -165 = -4*a + b. Let g = 2842 + -2822. What is the greatest common divisor of g and a?
20
Let h = 14 + -62. Let d = 86 + h. Suppose -21 - 106 = -6*f - 13. What is the greatest common divisor of d and f?
19
Suppose 13*p + 693 = 16*p. Suppose i = -2*b + p, -12*i + 8*i + 5*b + 885 = 0. What is the greatest common divisor of i and 25?
25
Suppose 2684*l + 399204 = 2723*l. What is the greatest common factor of 12 and l?
12
Suppose -12*k + 123 = -11*k + x, 2*k + 3*x - 247 = 0. Suppose -q + 135 = k. Let z = -349 + 492. What is the greatest common factor of q and z?
13
Suppose 61 + 135 = 4*k. Let m = -4963 - -4977. Calculate the highest common factor of k and m.
7
Suppose 3*l = 4*v + 120, 2*v = 14 - 8. What is the highest common factor of 308 and l?
44
Let z(y) = -y**2 + 2*y - 48. Let u be z(0). Let q be 86/(-28)*-4 - u/(-168). Let f(k) = 2*k + 60. Let o be f(0). What is the greatest common divisor of o and q?
12
Suppose -4*u = 4*m - 5696, -217*u - m - 4272 = -220*u. Calculate the highest common factor of 256 and u.
16
Let n be 3/((-12)/(-66)*9/6). Suppose -160 = n*k - 21*k. What is the greatest common factor of 272 and k?
16
Let u(d) = 14 + 16 + 2*d**3 - d - 7*d**2 - 10. Let b be u(4). What is the greatest common factor of b and 20?
4
Let m(i) = -i**2 - 5*i + 39. Let x be m(4). Suppose 0 = x*s - 5*p - 22, 4*p + 54 = 5*s - 0*p. What is the highest common factor of s and 98?
14
Suppose 13759 + 13348 = 19*d - 7093. What is the highest common divisor of d and 72?
72
Let k(y) = -3*y**2 + 30*y + 72. Let l be k(0). Suppose 144 = -2*p + 3*p. Calculate the greatest common divisor of p and l.
72
Let y(c) = -c**2 + c + 4. Let f be (4 + -6 - -2)/3. Let u be y(f). Suppose 3*o = p - 31, p + u*o - 51 - 15 = 0. Calculate the highest common factor of 23 and p.
23
Let o = -50350 + 80686. Calculate the highest common divisor of o and 32.
32
Suppose 0 = 17*p - 21*p + 4*n + 848, n + 4 = 0. Suppose 0 = -3*z + 3, b + z = -0*z + 27. What is the greatest common divisor of p and b?
26
Let o = -1878 - -3342. What is the highest common factor of 24 and o?
24
Let i = -1880 + 3323. What is the highest common divisor of 195 and i?
39
Let l be ((-176)/220 - 16/5)*-2. Let o be 2/(-7) + (-2574)/(-91). What is the greatest common factor of l and o?
4
Let d(t) = -4*t**2 + 1332*t**3 - 1 - 3*t - 1333*t**3 + 10*t**2. Let c be d(5). Suppose 3*a + 5 = 8*a. What is the greatest common divisor of a and c?
1
Let q(d) = -d**2 + 27*d + 24. Let x be q(28). Let u be x + ((-5)/((-20)/4) - -15). What is the greatest common factor of 252 and u?
12
Let u(o) = o**2 + 6*o - 3. Let m = -46 + 39. Let h be u(m). Suppose -3*f + 8*f + 3*b = 126, -b + 98 = h*f. Calculate the highest common factor of f and 24.
24
Let s be (-58)/(-667) - 19245/(-69). What is the greatest common divisor of 63333 and s?
279
Let y be (-1066)/(-8) - (-3 - 91/(-28)). Let c = 2499 + -2478. Calculate the greatest common factor of c and y.
7
Suppose -5*h = -2*v + 436, -3*v - 339*h + 334*h + 704 = 0. Calculate the greatest common factor of 27 and v.
3
Let x be (-2)/(-20) + (-6)/60 - (-11780)/20. What is the greatest common divisor of 190 and x?
19
Let h(d) = 5*d**3 + 2*d**2 - 4*d + 12. Let n be h(3). Suppose z = 4*k - 208, 5*k + 5 - 240 = -5*z. What is the greatest common factor of n and k?
51
Suppose -12 = -7*z + 9. Sup